se -5 = -5*s, 3*z - 326 = -q*s + 8*s. Suppose -86 = -4*i + z. Calculate the highest common divisor of i and 7.
7
Let l = 8 - -12. Suppose 4*s - l = -0*s. Calculate the highest common factor of s and 20.
5
Suppose -i + 3*i + 3*l + 9 = 0, 0 = -4*l - 4. Let s be (i + -2)*(-152)/10. Suppose 2*m + s = 6*m. Calculate the highest common divisor of 152 and m.
19
Let v(g) = 44*g**3 + g**2 + g - 2. Let b be v(1). Calculate the greatest common divisor of b and 11.
11
Suppose 5*g = 20, 21 = -3*c - g + 52. Let j = c - 7. Suppose -j - 7 = -r. What is the highest common factor of r and 18?
9
Let y(r) = 4*r - 4*r**2 - 16*r + 6*r**2 - 9. Let c be y(9). Let a = 8 - 3. Calculate the greatest common divisor of c and a.
5
Let v be 5 + -4 - (-22 + -1). Let r = -11 + 15. Suppose r*y = -y + 80. Calculate the highest common factor of y and v.
8
Let r(q) = 3*q**2 + 6*q - 6. Let z be r(5). Suppose -2*l + 19 = -13. Suppose -49 = -3*y - l. Calculate the greatest common factor of z and y.
11
Let k = -62 - -146. Let d(v) be the first derivative of v**4/4 - v**3 + 3*v**2/2 + 3*v + 8. Let u be d(3). Calculate the greatest common factor of k and u.
12
Let r(o) = 4 + 1 - 8*o - 3. Let t be r(-2). Calculate the highest common divisor of 27 and t.
9
Let i(k) = 3*k**2 + 7*k + 4. Let r be i(-5). Suppose 0 = -3*c, 0 = -t - 4*t - 2*c + 330. Calculate the highest common factor of r and t.
22
Let h be (-3 - -8) + 1 + -1. Suppose h*z + 4 = 34. What is the highest common divisor of 3 and z?
3
Let q(w) = -7*w + 4. Let z be q(-4). Suppose -74 = -3*x - 2*b, -x = -0*x - 3*b - z. Let r be (-1 - (0 - 1)) + 65. What is the highest common divisor of x and r?
13
Let d be (8/(-24))/((-1)/45). What is the highest common factor of 45 and d?
15
Let d(r) = -1. Let q(g) = -g + 7*g + 2*g - 2*g - 2. Let a(c) = -4*d(c) + q(c). Let u be a(2). Calculate the highest common factor of u and 7.
7
Suppose 6*c - c = -130. Let k = c + 47. What is the highest common divisor of 14 and k?
7
Suppose -6*v = -7*v - 54. Let o be 3/12 + v/(-8). Calculate the greatest common divisor of 56 and o.
7
Let h be 1*-3 - (-6 - -4). Let q be 10/(-15)*h*3. Calculate the greatest common factor of q and 2.
2
Let q = 2 + 6. Suppose o + 4*u = 12, -3*o + 4*u + 86 = 2. What is the greatest common factor of q and o?
8
Suppose -4*b = -b. Suppose b*y - 20 = -2*y. Suppose -2*h = 2*v - 8, 2*v = -2*h + h + y. What is the greatest common factor of 66 and v?
6
Let j be -2*(1 - 15/6). Suppose -3*u - d = -36, 7*u - 3*u + 4*d = 48. Calculate the highest common factor of u and j.
3
Let r(y) = -9*y - 12. Let i be r(-8). What is the highest common factor of i and 15?
15
Let u(b) = -3*b + 3. Let y(n) = -7*n + 6. Let r(t) = -9*u(t) + 4*y(t). Let g be r(6). Let h be (g/(-12))/(2/16). What is the highest common factor of h and 48?
6
Let a = 6 - 1. Suppose -t - 48 = -a*t. Let j(y) = 12*y**3 - y**2 + 3*y - 2. Let v be j(2). Calculate the highest common divisor of t and v.
12
Let v be (-1444)/(-6) + (-2)/3. Suppose v = -z + 5*z. What is the highest common factor of 12 and z?
12
Let j(z) = -530*z**2 - z + 1. Suppose -v = v - 2. Let c be j(v). Let w be (-4)/12 - c/6. What is the highest common factor of w and 8?
8
Let s = 11 + -10. Let y be 18 + (-1 - (s + -1)). Calculate the highest common factor of y and 51.
17
Let u be 2 - 37/(-5) - (-4)/(-10). Calculate the highest common divisor of u and 81.
9
Let c(r) = r. Let d(b) = b. Let i(z) = -c(z) + 2*d(z). Let u be i(12). What is the highest common divisor of u and 12?
12
Suppose 0 = 2*a - 8 + 2. Suppose -9 = -a*l - 3. Suppose -t = -l - 5. What is the greatest common factor of t and 7?
7
Let o be ((-15)/(-6))/(2/72). What is the greatest common divisor of o and 225?
45
Suppose 2*w = 33 - 1. What is the greatest common factor of w and 48?
16
Suppose -2*b + 8 = 3*v, 27 - 7 = 3*v + 5*b. Suppose 3*i - 296 + 98 = v. What is the greatest common factor of 11 and i?
11
Suppose -5*g + 2*g = -114. Calculate the highest common factor of g and 95.
19
Suppose 0*n + 1520 = 5*n - 3*z, 4*n - 1216 = -2*z. What is the greatest common divisor of n and 19?
19
Suppose 0 = -2*l - 2*l + 60. Calculate the greatest common factor of l and 135.
15
Suppose -5*l + 290 = 5*p, 4*l - 135 = -2*p + 101. What is the greatest common factor of l and 24?
12
Let w = 4 + 0. Suppose 143 = w*a - 81. What is the highest common divisor of a and 84?
28
Let a be ((-1904)/(-40))/(2/10). Calculate the highest common factor of 34 and a.
34
Let u be (-4 - (-3 - -3)) + 19. Let p be -11*1/(-2)*-2. Let d = p + u. Calculate the highest common divisor of 36 and d.
4
Let n = 71 + -55. What is the highest common divisor of n and 32?
16
Let p(w) be the third derivative of w**4/24 + 7*w**3/6 + 3*w**2. Let o be p(-7). Let n be -1*(-1 + o/3). What is the highest common divisor of n and 4?
1
Let n(l) = l**2 + 2*l - 5. Let y be n(-3). Let j(c) = 3*c**2 + 2*c - 2. Let u be j(y). Calculate the greatest common divisor of 48 and u.
6
Let n(p) = -p**2 - 5*p + 3. Let k be n(-4). Let t(u) = -u**2 - 10*u + 4. Let b be t(-6). Calculate the highest common divisor of b and k.
7
Let r be (3 - 1) + 2*13. Calculate the greatest common factor of 42 and r.
14
Suppose 0 = 4*m - 189 + 29. What is the greatest common factor of m and 8?
8
Let q = -222 + 387. Let f(y) = y**2 - y - 5. Let b be f(5). Let u = 30 - b. Calculate the highest common factor of q and u.
15
Suppose -4*y + 16 = t - 6*t, 4 = -4*t + y. Suppose t = -w + 64 + 64. What is the greatest common factor of 16 and w?
16
Let v(z) = 2*z**2 + 11*z - 28. Let a be v(-16). Calculate the greatest common divisor of 28 and a.
28
Let s be -9*(-1)/3 + -2. Calculate the greatest common divisor of 1 and s.
1
Let b = -31 + 51. Calculate the highest common factor of b and 4.
4
Let q(y) = -8*y. Let z be q(-2). Suppose -w + 0*w = -z. What is the greatest common factor of w and 32?
16
Suppose 0 = -4*t - t + 2*u + 22, -4*t + 8 = -4*u. What is the highest common divisor of t and 9?
3
Suppose -5*a + 15 = 0, -5*o - 2*a - 3*a = -130. Calculate the highest common divisor of 46 and o.
23
Let x(u) = -u**3 - 5*u**2 + 7*u - 7. Let j be x(-7). Let c = j + -17. Calculate the highest common factor of c and 10.
5
Let z(y) = -y**2 - 7*y - 2. Let k be z(-6). Suppose k*m = 5*q - 145, -q - 3*m + 10 = -0*q. What is the highest common factor of q and 50?
25
Suppose 4*x - 10 = -2*c, 7*x = 4*x. Let z(q) = -q**2 - 12*q - 9. Let l be z(-11). What is the highest common divisor of c and l?
1
Let r be (-70)/(-28)*(-5)/((-75)/198). Calculate the highest common divisor of 3 and r.
3
Suppose -4*b = -0*b. Suppose -5*w + 3*n + 411 = b, 15 = 3*n + 2*n. Calculate the highest common divisor of w and 21.
21
Let p(j) = -j**2 + 8*j + 12. Let b be p(9). Let c be (1 + -3)*(b + -5). Calculate the greatest common factor of c and 4.
4
Let g be (0 - (8 + -1))*(-33 + 32). Calculate the greatest common factor of g and 217.
7
Let z be 24*(-9)/(54/(-4)). Calculate the highest common factor of 16 and z.
16
Let r = 10 + -5. Suppose -3*o + 110 = r*a - 5*o, -5*o = -a - 1. Calculate the greatest common factor of 8 and a.
8
Let z(v) = -v + 1. Let t be z(-2). Calculate the highest common divisor of 24 and t.
3
Let l(w) = w + 18. Let g be l(-10). What is the greatest common divisor of 8 and g?
8
Let l(r) = -11*r - 31. Let s be l(-4). What is the greatest common factor of 65 and s?
13
Let y = 432 - 139. Let v = -205 + y. Suppose 4*q + x - 47 = 0, 1 = x - 2. What is the highest common divisor of v and q?
11
Let d = 18 - 13. Let l = 1 - d. Let t be 3064/56 + l/(-14). Calculate the greatest common divisor of t and 22.
11
Let v = 10 - -8. Let p(b) = 6*b + 3. Let d be p(4). What is the greatest common divisor of v and d?
9
Let v(x) = x**2 + 9*x - 1. Let m be v(-11). What is the highest common factor of m and 21?
21
Suppose 2*y = 244 + 244. Let k = y + -172. What is the highest common factor of k and 18?
18
Let t(c) = -c**3 - 3*c**2 - 2*c + 2. Let z be t(-3). Let k(g) = -g**3 + 11*g**2 + g - 11. Let m be k(z). What is the highest common factor of 21 and m?
21
Let g = -14 - -10. Let k(r) = 4. Let o(y) = -y + 3. Let p(j) = g*k(j) + 5*o(j). Let c be p(-2). What is the greatest common factor of c and 27?
9
Suppose 2*q = -3*q + 110. Suppose -796 - 420 = -5*n - 3*w, -2*w = 5*n - 1214. What is the greatest common divi